- 8. Let v(q) = q - 2. Give v(l).
0
Suppose 20*t - 16*t + 24 = 0. Let s(a) = 2*a**2 + 19*a + 14. Let r(x) = -x**2 - 10*x - 7. Let q(f) = 5*r(f) + 3*s(f). Calculate q(t).
1
Suppose 5*u + 5 = -0. Let b(c) = -9*c**3 - c - 1. Give b(u).
9
Let w(c) be the third derivative of -1/12*c**4 + c**2 + 0 + 0*c**3 - 1/90*c**6 - 1/120*c**5 + 0*c. Let f(a) be the second derivative of w(a). Calculate f(1).
-9
Let y(m) = -2*m - 2. Suppose -8 = -4*l, 5*l - 12 + 0 = -v. What is y(v)?
-6
Let v(m) be the first derivative of m**6/360 - m**5/20 - m**3/3 + 2. Let w(q) be the third derivative of v(q). Let d be w(6). Let o(i) = -i**2 + 7. Give o(d).
7
Suppose 0 = -8*d + 3*d + 25. Let m = 8 - d. Let y(j) = -4*j**3 + 3*j**2 - 2*j**2 + 5*j**m - 5*j**2 + 2*j. Calculate y(2).
-4
Let f(s) = 4 + s**2 + 23*s - 39*s + 20*s. Let p = -11 - -8. Calculate f(p).
1
Let u(o) be the third derivative of -o**5/60 + o**4/24 - o**3/6 - 2*o**2. What is u(2)?
-3
Let z(g) = 2*g. Let i = 6 + -3. Suppose d - i*d - 6 = 0. Determine z(d).
-6
Let w(l) = l**3 + 3*l**2 - 3*l - 4. Let r be (-1)/4 + (-19)/4. Let u be (-22)/5 - 2/r. What is w(u)?
-8
Let s = 18 - 23. Let f(j) = 3 + j**2 + 2*j + 0 + 4*j. Give f(s).
-2
Let d(z) = 6*z**3 - z**2 - 6*z - 12. Let u(j) = -j + 2. Let r be u(8). Let y(i) = -7*i**3 + 6*i + 13. Let x(m) = r*d(m) - 5*y(m). Calculate x(7).
0
Let k(j) = 4*j + 4*j - 2*j + j + j**2 + 3. Determine k(-5).
-7
Suppose r + 2*r = 0. Let c = r + -2. Let q be c - (-4)/2 - -5. Let h(v) = -v**2 + 6*v - 7. Calculate h(q).
-2
Suppose 0 = 2*i - 16 + 4. Suppose 4*w = w - i. Let f(k) = -1 + k**3 - 5*k**2 + 0*k**2 + k + 6*k**2. What is f(w)?
-7
Let k(w) = -w**2 - 3*w - 2. Let o = 5 - 5. Suppose 2*a - a = o. Suppose a = 7*b - 2*b + 20. Give k(b).
-6
Let j(l) = -l - 7. Let w be 0*(-2)/(-1 - -3). Give j(w).
-7
Let s(a) = -13*a + 21. Let k(w) = -7*w + 11. Let b(h) = -11*k(h) + 6*s(h). Give b(6).
-1
Let x(c) be the second derivative of c**7/2520 - 7*c**6/720 - c**5/20 + c**4/2 + 6*c. Let p(f) be the third derivative of x(f). Determine p(7).
-6
Let x(z) be the second derivative of z**3/6 + 3*z**2 - 6*z. Give x(-6).
0
Let w(v) = 4*v - 1. Let q = 1 - 3. Let b = 8 + -17. Let i(r) = -16*r + 5. Let g(n) = b*w(n) + q*i(n). Give g(1).
-5
Let g(h) be the second derivative of -h**5/20 - h**4/3 + h**3/2 - 7*h**2/2 + 6*h. Suppose 0 = -4*n - 5*q - 5, -5*n + 5*q - 37 = q. Determine g(n).
3
Let m(n) = -n**2 - n. Let o be m(3). Let p be ((-40)/o)/((-4)/6). Let c(v) = -v - 6. Give c(p).
-1
Suppose i = -i. Suppose i = -3*z + 2*n, -3*n = -5*z - 0*n + 1. Let r(j) = j - 1 - j**2 + 0*j - 4*j**z. Give r(1).
-5
Let j(i) be the third derivative of i**5/60 + i**4/8 + i**3/3 + 20*i**2. Give j(-6).
20
Let p(g) = -g**2 + g + 1. Suppose 4*j + 26 = c, -2 = -2*j - 4. Let l = -22 + c. What is p(l)?
1
Let w(b) be the first derivative of -b**4/4 - 7*b**3/3 - 4*b**2 - 2*b - 12. Determine w(-6).
10
Let c be 2/(-4) - 1/(-2). Suppose -u + 2 = d, -2*u = -c*u + 4. Let j(m) = -2*m + 5. Give j(d).
-3
Let k(z) = -z + 8. Suppose 0*b = 4*b + 8. Let v = 0 - b. Let t(j) = 15*j - 129. Let d(f) = v*t(f) + 33*k(f). Give d(5).
-9
Let q(s) = -s**2 + 11*s - 3. Let f(c) = c. Let y(r) = -6*f(r) + q(r). What is y(5)?
-3
Let j(m) = -1 + 5*m + 2*m - m**2 - 4. Let l be j(7). Let z(k) = -k**3 - 5*k**2 + 3*k + 7. What is z(l)?
-8
Let s(w) be the first derivative of -w - 1/6*w**4 + 1/2*w**3 + 0*w**2 - 1. Let a(l) be the first derivative of s(l). Calculate a(2).
-2
Let r = 45 - 43. Let f(y) = -3*y**2 - 1. Determine f(r).
-13
Let n(g) = g + 4*g**2 - 4*g**2 + g**3 - g**2. What is n(2)?
6
Suppose -3*x = 3 - 9. Suppose x*b = -b + 6. Let h = -4 + b. Let y(m) = 2*m + 3. Calculate y(h).
-1
Let f(l) = -l**2 - 2*l - 1. Suppose -27 = -4*t - 3. Suppose -t*m - 4 = -2*m. Determine f(m).
0
Let p(g) = 5*g + 6. Let i(r) = -14*r - 18. Let v(x) = 4*i(x) + 11*p(x). Calculate v(-6).
0
Let a(j) = -2*j**2 - 1 + 5*j - 5*j + 5*j**3 - 2*j. Let i be 4/(-18) + (-49)/63. What is a(i)?
-6
Let h(d) = d + d - d - 4 + 0*d. Suppose -2*a + 10 = -r, -5*a = -1 - 24. Calculate h(r).
-4
Suppose -37*g = -33*g - 12. Let w(j) = -j + 1. Determine w(g).
-2
Let v be (-3)/2*32/(-12). Let f = -4 + v. Let m(p) = -p**3 - p - 5. What is m(f)?
-5
Let n(g) = 2*g. Let t be 0/(1/(-1))*1. Suppose -2*o = -4*k - 16, t = 4*k - 0*k + 4*o + 16. Calculate n(k).
-8
Suppose z - 15 = -5*o, 3*o + 0*o - 9 = -3*z. Suppose -2*c + 2 = 2*i + i, -o*c = 2*i + 7. Let p(v) = v**2 - 2*v + 1. Determine p(i).
9
Suppose 8*y = 3*y - 5. Let d(o) = o**2 + o + 1. Let q(r) = 4*r**2 - 2*r + 5. Let t(n) = y*q(n) + 3*d(n). Give t(3).
4
Let i = -26 + 19. Let v(f) = f**3 + 8*f**2 + 8*f + 5. Calculate v(i).
-2
Let r(i) = 4*i**2 - 4*i + 3*i**2 - 5*i**2 + 3*i. Determine r(2).
6
Suppose -43 = 3*q + 4*c - 12, 3*q + 27 = -3*c. Let y(g) = -g**3 - 6*g**2 - 5*g - 1. Calculate y(q).
-1
Suppose -5 = 5*h - 30. Let i(a) = 2*a - 4. Let m(z) = z + 1. Let c(r) = 2*r + 13. Let x(v) = -c(v) + 5*m(v). Let j(s) = h*i(s) - 3*x(s). Determine j(0).
4
Let f = 7 - 8. Let a(u) = -7*u**2 + u. Determine a(f).
-8
Suppose 4*k - 5*f - 36 = 0, k + 4*f + 8 + 4 = 0. Suppose -4*z + 2*t + 0*t = 6, -4*t = -4*z - 12. Let b(d) = 4*d + z - 2 + 1 - d**2. Give b(k).
-1
Let m(n) = -n**3 - 4*n**2 + 5*n + 5. Let y = 5 - 4. Let j be y/1*(-1 - 4). Give m(j).
5
Let j(l) be the second derivative of 4*l**3/3 + l**2/2 - 13*l. Give j(1).
9
Let n(g) = g. Suppose 6 = l + 20. Let f be (-8)/(-3) - l/(-21). Give n(f).
2
Let w(b) be the second derivative of b**5/20 + 5*b**4/12 - 5*b**3/6 + 4*b**2 + 7*b. Determine w(-6).
2
Let q(d) = -d**2 + 5*d - 7. Let u(v) = -2*v**2 + 3*v - 7. Let s(i) = 3*q(i) - 2*u(i). Give s(-7).
-21
Suppose 0 = -3*q + 3*y - 6, 4*q - 3 = 2*y - 1. Let x(z) = q*z**2 + 2*z**2 + 1 - 7*z**2 - 5*z**3. Let o = 4 - 5. Calculate x(o).
4
Let r(n) = -n. Let q be r(1). Let s be (q*3)/(-2 + 1). Let j(g) = -g + 2*g**3 + 0 - 2*g**2 - g**s + 0. Calculate j(3).
6
Let l(c) be the third derivative of c**4/24 + 5*c**3/6 - c**2. Let w be ((-18)/15)/((-21)/(-70)). What is l(w)?
1
Let m be ((-2)/2 + 2)*3. Suppose -3*c - 10 = -31. Let j(n) = 3*n**2 + n**m + 6 + n**2 - c*n**2 - 4*n. What is j(4)?
6
Let o(f) = f - 3. Suppose b + 3*b - 32 = 0. Let i = b + -3. Determine o(i).
2
Suppose 1 = -4*q - 4*c + 5, -5*q + 3*c + 29 = 0. Let f(n) = q - 4 - 3*n + 2 + n**2. What is f(4)?
6
Let v(b) = -41*b**2 + 19*b**2 - 12 + 21*b**2 + 9*b + b. Give v(8).
4
Let f(h) = -2*h + h**2 - 2 + 1 - h**3 + h. Let m(v) = 2*v**2 + 3*v. Let o be m(-2). Suppose o*l + 8 = 6*l. What is f(l)?
-7
Let x(g) be the first derivative of -g**3/3 + 3*g**2 - 4*g + 40. Give x(6).
-4
Let o(v) = -2*v**3 - 10*v + 7. Let g(f) = -f**3 - 3*f + 2. Let t be 4*(2/(-4) - -1). Let u(s) = t*o(s) - 7*g(s). Give u(-1).
-4
Let u(i) = -2*i - 2. Let b = -1 + 13. Let l be (1/(-1))/(4/b). Let f be u(l). Let p(a) = -a**2 + 5*a - 3. Determine p(f).
1
Let a = 3 + 3. Suppose -5*u - 54 = 2*j, -a = u + j + j. Let k be (-16)/(-3) + 4/u. Let y(o) = o - 3. What is y(k)?
2
Let y(d) = -d**3 - 9*d**2 - 2*d - 15. Let n be y(-9). Let i(j) be the second derivative of 7/6*j**n - 2*j + 0 + 7/2*j**2 + 1/12*j**4. Calculate i(-5).
-3
Let y(k) = k**3 + 5*k**2 + k - 7. Let u(c) = -c**3 - 21*c**2 - 19*c + 15. Let f be u(-20). Give y(f).
-12
Let i = -9 + 10. Let m(d) = -9*d**2 - 2*d - 1. Let x(w) = 9*w**2 + w + 1. Let z(t) = 3*m(t) + 4*x(t). Give z(i).
8
Let c(o) be the first derivative of o**2/2 - 2*o + 1. Let x be (-8)/12 - (-2)/(-6). Let k = 2 - x. What is c(k)?
1
Let a(h) = -13*h**2 + 6*h - 14. Let s(m) = 4*m**2 - 2*m + 5. Let t(p) = 4*a(p) + 11*s(p). What is t(2)?
-29
Let t be 1/(-2)*(-15 - -3). Let q(y) = -4*y + 19. Let a(i) = -2*i + 9. Let h(p) = t*q(p) - 13*a(p). Calculate h(3).
3
Let r(y) = -2*y - 4. Suppose -16 = 2*s + 4*l, -3*s + l = 2*s + 73. Let p = s - -26. Suppose -d - 2*d = p. Give r(d).
4
Let w be (-6)/9 + (-33)/(-9). Let q(l) = 0*l**3 - l**2 + 2 - w*l**2 + 4 - 2*l + l**3. What is q(4)?
-2
Let y(g) = g**2 - 6*g - 6. Let x be (-28)/(-21)*(27/6 + 0). Determine y(x).
-6
Let u be (-1)/1 + 4/2. Let q be 1 + 2 - (7 + -4). Let a be u + -3 + q + 3. Let i(j) = j**2 + j. What is i(a)?
2
Let f(l) = l**2 - l + 2. Let c be f(0). Let o(j) = -4*j**2 - 3*j. Let a(r) = -r**2 - r. Let w(i) = -7*a(i) + 2*o(i). Calculate w(c).
-2
Let t(g) be the third derivative of g**6/120 - g**5/15 - 5*g**4/24 - 